= 5*k - 8. Let d be j(-2). What is the remainder when 36 is divided by -14*(2/6)/(4/d)?
15
Let z be (-2 - 1)/(3/(-5)). Suppose -257 + 742 = z*j. Calculate the remainder when j is divided by 14.
13
Let d be (-1 + -3)*(-6 + 95/(-10)). Let k = d + -52. Calculate the remainder when 48 is divided by k.
8
Suppose 0*k - 1239 = -21*k. Suppose 82 - 10 = 2*z. What is the remainder when k is divided by z?
23
Let v(a) = 2*a**2 + 5*a + 4. Let k be v(5). Suppose -2*y = -h + k, -h + y = 4*y - 59. What is the remainder when h is divided by 60/(-25)*(-45)/6?
17
Suppose -24 = -r + m, -2*r + 2*m + 44 = -2*m. What is the remainder when 65 is divided by r + 10/(-4)*68/85?
17
Suppose -3*c = d - 49, -4*c + 63 = 30*d - 29*d. Calculate the remainder when 763/4 + (-2)/(-8) is divided by c.
9
Suppose 5*q + 2703 = 2*t, -4*t + 5*t - 5*q = 1349. Calculate the remainder when t is divided by 444.
22
Suppose -72*r = -3*b - 70*r + 19, 0 = -4*b - r + 40. Calculate the remainder when b is divided by 7.
2
Let d(a) = 2*a**2 - 22*a + 146. Calculate the remainder when d(-7) is divided by 64.
14
Suppose -2*w = -l + 65, w = 4*w - l + 95. Let o = -36 - w. What is the remainder when (126/(-4))/(-3*(-1)/o) is divided by 17?
12
Let m = -49 - -78. Suppose -2*d + 24 = 3*t - 7*t, -5*d = -4*t - 54. What is the remainder when m is divided by d?
9
Suppose -143 = -4*x - 3*h, 6*h = -5*x + 2*h + 178. Let b = -22 + x. Suppose 4*c - 5*c + b = 0. What is the remainder when 109 is divided by c?
13
Suppose -5*j + 308 = -j. Suppose -61 = m - 52, m = 2*t - 27. What is the remainder when j is divided by t?
5
Let q(t) be the third derivative of 34*t**5/15 + 5*t**4/24 - 3*t**2 + 1. What is the remainder when q(1) is divided by 52?
37
Calculate the remainder when 183 is divided by (-399)/(-114)*160/35.
7
Let z(f) = -184*f + 1150. Calculate the remainder when 4045 is divided by z(6).
43
Suppose -29 = 4*s - h - 401, 368 = 4*s - 2*h. Suppose 893 = s*n - 75*n. What is the remainder when n is divided by 7?
5
Let s = 1007 - 994. Calculate the remainder when 116 is divided by s.
12
Suppose 0 = 4*j - 27*i + 30*i - 515, -3*j = 5*i - 378. Calculate the remainder when j is divided by 130.
1
What is the remainder when ((-21810)/(-25))/(21/70) is divided by 10?
8
Let w = 775 - 564. What is the remainder when w is divided by 52?
3
What is the remainder when (2 - (-12)/(-8))/((-55705)/(-5570) + -10) is divided by 122?
69
Let q(j) = -19*j + 606. What is the remainder when q(0) is divided by 11?
1
Let k(x) = x**3 + 2*x**2 + 2*x + 19. Let q be k(10). Suppose -5*c + q = 16*c. Let j = -23 + 54. Calculate the remainder when c is divided by j.
28
Let o(u) = -8*u + 328. Let w be o(-58). Suppose 1212 = 7*s + w. Calculate the remainder when s is divided by 14.
4
Let j(w) = -w**3 + 7*w**2 + 22*w - 9. Let b be -6*(1 + (-12)/8 - 1). Calculate the remainder when j(b) is divided by 10.
7
Calculate the remainder when 83 is divided by (15*12/(-72))/(-5*(-2)/(-96)).
11
Let n be (-6)/(-24) + 234/24. Let w = -3 + n. Let g = 39 - 14. What is the remainder when g is divided by w?
4
Suppose 6*w - 99 = 3*w. Let j(v) = -v**3 + 11*v**2 - 18*v - 52. Let u = -425 - -432. What is the remainder when w is divided by j(u)?
15
Let c = 28811 - 23713. Calculate the remainder when c is divided by 34.
32
Let o(q) = -52*q + 2485. Calculate the remainder when 463 is divided by o(46).
91
Let y = 67 + -117. Suppose -38 = -2*t + 4*a, 0*t - t + 4*a + 19 = 0. What is the remainder when y*(-11*5/10 + 4) is divided by t?
18
Let d(u) = 6*u - 4. Suppose 5*b - 165*o - 136 = -164*o, -3*b + 3*o = -72. What is the remainder when d(15) is divided by b?
2
Let w be (-22 - -24) + -6 + -1 + 593. Suppose u = -549 + w. Calculate the remainder when 386 is divided by u.
35
Let p be (-6)/(-42) - ((-14)/35 - 3201/35). Suppose 5*q - 3 = -f - f, q + 47 = 3*f. Suppose f*c - p = 10*c. Calculate the remainder when c is divided by 1.
0
Let r(v) = -10*v**2 + 3*v + 4. Suppose -3 = 3*t - 12. Let j be r(t). Let a = 107 + j. Calculate the remainder when 88 is divided by a.
28
Suppose 839*d - 94 = 841*d - 310. Calculate the remainder when d is divided by 37.
34
Let w(n) = 2*n**3 + n**2. Let m = -206 - -274. Suppose 0 = -22*i + m*i - 322. Calculate the remainder when w(2) is divided by i.
6
Suppose 0 = 19*r + 5*r + 16*r - 55960. What is the remainder when r is divided by 20?
19
Let h = 3382 - 3304. Calculate the remainder when h is divided by 8/5*(-70)/(-7).
14
Calculate the remainder when 450 is divided by (15 - 0) + (0 - -12).
18
Let p be (-33)/(-3) - (6/(-3) - 0). Let s be ((-4)/6)/(p/((-585)/6)). Suppose s*w - 8*w = -93. Calculate the remainder when w is divided by 5.
1
Suppose 0 = -2*i + 4*i - 94. Let o be (-14)/21*(-2 + 11). Calculate the remainder when i is divided by o*(-116)/56 + 20/35.
8
Suppose -3*b - 5 = -2*b - 4*i, 4*b - 8 = 2*i. Let w = 13 - 9. Suppose -w*l + l = -24. What is the remainder when l is divided by b?
2
Suppose -6*h = -0*h - 108. Let a be (h/(-12))/(12/(-536)). Suppose a + 69 = 4*g. Calculate the remainder when 65 is divided by g.
31
Let g = 36778 + -35544. Calculate the remainder when g is divided by (309/9)/(5/15).
101
Suppose -1293 - 6459 = -19*k. What is the remainder when k is divided by 57?
9
What is the remainder when 642 is divided by (-23)/3*(-476 + 395)?
21
Suppose -n - 50 = -3*z + 13, -2*z + 4*n = -52. Let o(p) = -2*p**3 + 53*p**2 - 19*p - 46. What is the remainder when o(26) is divided by z?
16
Suppose -4*k - 668 - 176 = 0. Let y = 352 + k. Suppose -5*p + 29 + y = 0. What is the remainder when p is divided by 9?
7
Calculate the remainder when 195 is divided by (-13845)/923*2/(-5)*9 - 2.
39
Suppose x + 87 = 2*h - 4*x, 2*h + 4*x = 114. Let z = 54 - h. Suppose 4*c = z*c + 8. What is the remainder when 15 is divided by c?
7
Let s = 4056 + -3382. What is the remainder when s is divided by 181?
131
Let i = 9193 - 8985. Calculate the remainder when i is divided by 22.
10
Let l = 5627 + -5400. Calculate the remainder when l is divided by (522/45)/((-3)/((-15)/2)).
24
Let v be (29 - (-3 - 0))/(6/6). Let r(w) = w**2 - 27*w - 150. Calculate the remainder when 49 is divided by r(v).
9
Suppose 4*o = 41 + 119. Let x = 38 + 91. Suppose x = -4*s + 433. Calculate the remainder when s is divided by o.
36
What is the remainder when 428 is divided by (-434)/(-2) + (43 - 15 - 35)?
8
Suppose 12 = 18*g - 14*g. Let x(u) = -u**2 - 2*u + 8. Let h be x(g). Calculate the remainder when 38 is divided by 79/7 + (10/h)/5.
5
Suppose -25*f - 56 = -29*f. Suppose -f*z = -130 - 556. Calculate the remainder when 146 is divided by z.
48
Let m = 10133 - 9944. Calculate the remainder when 354 is divided by m.
165
Suppose 5*k - 10 = -b, -5*k + 79 = 2*b + 19. What is the remainder when 862 is divided by b?
12
Let x(r) = -10*r - 12. Suppose 5*a - 268 = 2*k, 2*a - k - 45 = 63. Let y = 47 - a. What is the remainder when x(y) is divided by 20?
18
Let j(y) = -2*y**2 - 56*y + 2078. What is the remainder when 4*(-2 + (-228)/(-3)) is divided by j(21)?
16
Suppose -12530 = -37*n - 33*n. What is the remainder when n is divided by 42?
11
Let k be (-2)/(-3)*17880/80. Suppose -4*h = -x - 195 - 396, h + x = k. What is the remainder when h is divided by 39?
31
Suppose 0 = -2*m + w + 365, 5*w = -2*m + 124 + 223. Suppose 31*p - 33*p + 269 = 3*q, 2*q - m = -p. Calculate the remainder when q is divided by 2.
1
Let x(y) = 3*y**2 - 51*y + 93. What is the remainder when 163 is divided by x(15)?
1
Suppose b - 76 = -3*b. What is the remainder when 9752/(-424) + 67*2 is divided by b?
16
Let s(y) = -24*y**3 + 9*y - 7. Let n(k) = k**3 + 4*k**2 - 9*k + 15. Let j be n(-6). What is the remainder when s(j) is divided by 77?
75
Let p(z) = -43*z - 133. Let l(q) = -14*q + 113. What is the remainder when p(-4) is divided by l(7)?
9
Let k = -6446 - -6486. Calculate the remainder when 3598 is divided by k.
38
Let f = 3540 + -2248. Suppose -225*k = -221*k - f. What is the remainder when k is divided by 25?
23
Suppose 5*v = -2*l + 1955 + 2644, 0 = -4*v - 5*l + 3703. Calculate the remainder when v is divided by 84.
77
Suppose 21*f + 12 = 25*f. Let j(i) = i**3 - i**2. What is the remainder when 27 is divided by j(f)?
9
Suppose -3*z + 87 = -0*z. Suppose -217 = 19*v - 4777. Suppose -4*r + v = -92. What is the remainder when r is divided by